
Let d(x) = 7*x**2 + 28*x - 240. What is d(4)?
-16
Let r(l) = -l**3 - 8*l**2 + 63*l + 26. What is r(5)?
16
Let o(g) = 8*g**2 - 270*g + 1769. Calculate o(9).
-13
Let i(q) = 101*q + 2. What is i(0)?
2
Let c(t) = -t**2 + 40*t + 413. Give c(-9).
-28
Let g(b) = 6*b + 233. Calculate g(-30).
53
Let a(b) = -5*b**3 + 28*b**2 + 17*b - 156. Calculate a(5).
4
Let p(v) = v**3 + 12*v**2 - 129*v + 82. Calculate p(-19).
6
Let q(n) = 3*n**3 - 9*n**2 + 66*n - 292. What is q(5)?
188
Let s(k) = -2*k**2 - 80*k + 432. Determine s(-45).
-18
Let u(f) = -43*f - 2323. Calculate u(-54).
-1
Let a(x) = -x**3 + 97*x**2 - 433*x + 14178. Determine a(94).
-16
Let w(o) = 12*o**3 + 3*o**2 - 2*o + 3. Calculate w(2).
107
Let d(n) = -19*n**2 + 74*n - 6. What is d(5)?
-111
Let z(p) = p**2 + 20*p + 48. Determine z(-12).
-48
Let a(d) = -129*d + 182. What is a(3)?
-205
Let b(n) = n**2 + 94*n - 469. Give b(-99).
26
Let n(y) = -206*y + 1217. Determine n(6).
-19
Let h(q) = 508*q + 1542. Calculate h(-3).
18
Let i(q) = 3*q**2 - 13*q - 41. Give i(-5).
99
Let x(i) = -2996*i - 233687. What is x(-78)?
1
Let p(d) = 3*d**3 + 17*d**2 - 9*d - 76. What is p(-5)?
19
Let t(w) = -15*w + 47. Give t(5).
-28
Let m(p) = -3*p**2 + 19*p + 4. Calculate m(3).
34
Let u(o) = -5288*o + 63454. Determine u(12).
-2
Let u(p) = -3*p**2 - 147*p - 1621. What is u(-23)?
173
Let d(m) = -116*m + 457. Give d(4).
-7
Let v(x) = x - 47. What is v(45)?
-2
Let m(y) = y**2 - 29*y - 612. Calculate m(-14).
-10
Let u(q) = -3057*q + 21359. Give u(7).
-40
Let w(y) = -y**3 + 4*y**2 + 27*y + 7. Give w(5).
117
Let l(b) = b**3 - 25*b**2 - 6*b + 11. Determine l(25).
-139
Let h(t) = -2*t**2 + 351*t + 2366. Calculate h(182).
0
Let n(r) = r**2 + 31*r + 111. Determine n(-4).
3
Let p(b) = b**3 + 15*b**2 + 55*b - 4. Calculate p(-8).
4
Let t(a) = -9*a**2 - 13*a - 1. Determine t(-4).
-93
Let c(d) = -3*d**2 - 114*d - 287. Determine c(-35).
28
Let n(w) = -62*w - 301. Calculate n(-5).
9
Let l(x) = 2*x**3 + 42*x**2 + 80*x + 1. Give l(-2).
-7
Let x(q) = q**3 - 43*q**2 - 35*q - 224. Give x(44).
172
Let q(b) = b**3 + 12*b**2 + 108*b + 378. What is q(-5)?
13
Let r(j) = 361*j - 975. Determine r(3).
108
Let l(x) = -46*x + 1017. Calculate l(21).
51
Let o(g) = g**2 - 3*g + 36. Calculate o(-10).
166
Let x(g) = -115*g + 336. Determine x(1).
221
Let g(n) = 192*n + 14926. Determine g(-78).
-50
Let r(q) = -23*q**2 - 1915*q + 1917. What is r(1)?
-21
Let c(l) = l**3 - 4*l**2 - 17*l + 2. What is c(7)?
30
Let w(s) = -s**3 + 43*s**2 - 75*s + 1402. Calculate w(42).
16
Let w(r) = r**3 - 15*r**2 - 25*r + 590. What is w(14)?
44
Let z(h) = h**3 + 24*h**2 + 6*h + 123. Calculate z(-24).
-21
Let f(u) = -u**3 - u**2 + 112*u - 9. Give f(10).
11
Let c(p) = -85*p - 17964. Calculate c(-211).
-29
Let m(c) = 3*c**3 - 51*c**2 - 66*c + 43. Give m(18).
-173
Let i(h) = -2*h**3 - 77*h**2 - 97*h + 26. Give i(-37).
-492
Let o(q) = -1601*q - 4744. Give o(-3).
59
Let z(y) = -2*y**2 - 33*y + 13222. Calculate z(-90).
-8
Let a(s) = -2*s**2 - 26*s + 12. Calculate a(-5).
92
Let m(s) = -10*s**3 + 4*s**2 + 11*s + 7. Determine m(-1).
10
Let x(g) = -57*g - 752. Give x(-13).
-11
Let j(r) = -33*r**2 + 761*r - 43. Determine j(23).
3
Let x(y) = 65*y + 1241. What is x(-19)?
6
Let l(w) = -181*w - 5. Calculate l(0).
-5
Let c(g) = 27*g**3 + 106*g**2 - 5*g + 5. Calculate c(-4).
-7
Let z(s) = -s**2 + 36*s - 289. What is z(16)?
31
Let b(k) = 4*k**2 - 146*k - 1281. What is b(-8)?
143
Let d(w) = w**3 - 19*w**2 + 69*w + 178. What is d(9)?
-11
Let j(y) = 5*y**3 - 13*y**2 - 7*y + 5. Calculate j(-1).
-6
Let r(d) = -d**2 - 101*d + 1011. Determine r(-110).
21
Let a(v) = 197*v - 176. Calculate a(1).
21
Let n(l) = -l**3 - 18*l**2 + 95*l + 163. What is n(-22)?
9
Let o(x) = -x**2 - 78*x - 1331. What is o(-53)?
-6
Let x(v) = -v**3 - 13*v**2 - 52*v - 315. Determine x(-13).
361
Let n(l) = 9*l**2 + 2*l - 15. What is n(4)?
137
Let c(s) = -5*s**2 - 1602*s + 3210. Give c(2).
-14
Let b(p) = -5*p**2 + 52*p + 9. Calculate b(11).
-24
Let x(q) = -2*q**2 - 36*q - 129. What is x(-12)?
15
Let s(x) = 2*x**3 - 10*x**2 + 11*x - 20. Calculate s(6).
118
Let a(c) = 8*c - 96. What is a(-17)?
-232
Let y(a) = 18*a - 934. Give y(50).
-34
Let t(g) = g**3 + 36*g**2 + 34*g - 46. Calculate t(-35).
-11
Let w(l) = 19*l**2 - 114*l - 231. Give w(-2).
73
Let f(q) = -q**3 + 45*q**2 - 203*q + 9. What is f(5)?
-6
Let m(a) = 2*a**3 + 33*a**2 + 117*a - 6. Calculate m(-5).
-16
Let c(v) = -4*v**2 + 177*v - 1656. What is c(31)?
-13
Let f(x) = -x**2 + 125*x - 2413. Determine f(25).
87
Let r(f) = -25*f - 109. Give r(-4).
-9
Let v(h) = 42*h**3 - h**2 + 20*h - 19. Give v(1).
42
Let t(u) = -131*u + 300. Calculate t(8).
-748
Let f(w) = -8*w - 131. Determine f(0).
-131
Let w(j) = j**3 - 17*j**2 + 35*j - 69. Give w(15).
6
Let u(m) = 6554*m + 19673. What is u(-3)?
11
Let h(o) = -101*o - 7481. Give h(-74).
-7
Let z(t) = 268*t + 8. What is z(1)?
276
Let q(f) = 136*f + 38896. Calculate q(-286).
0
Let v(b) = 11*b**2 - 383*b - 3241. What is v(-7)?
-21
Let y(f) = -f**3 - 11*f**2 - 3*f + 16. Calculate y(-11).
49
Let z(v) = v**3 - 20*v**2 - 16*v - 54. Determine z(21).
51
Let m(x) = 14*x + 217. Determine m(-8).
105
Let i(l) = 40*l**2 + 116*l - 21. What is i(-4)?
155
Let j(r) = -r**3 + 6*r**2 + 20*r + 15. Calculate j(-3).
36
Let r(n) = 25*n - 12. Determine r(-8).
-212
Let d(c) = 6*c**2 + 22*c - 2. Give d(-4).
6
Let f(c) = 8*c**2 - 74*c + 68. What is f(10)?
128
Let y(s) = 176*s - 4. Give y(0).
-4
Let z(h) = 94*h + 206. Give z(-2).
18
Let h(g) = -5*g**2 + 34*g - 130. Calculate h(4).
-74
Let d(y) = -1042*y + 14571. Determine d(14).
-17
Let g(r) = -13*r**3 + 2*r**2 - 12*r + 12. Give g(1).
-11
Let m(q) = 424*q - 2053. Determine m(5).
67
Let f(l) = 20*l - 31. Determine f(4).
49
Let j(y) = 290*y - 26378. Give j(91).
12
Let b(f) = -3*f**2 + 162*f - 1320. What is b(10)?
0
Let a(p) = -8*p**2 + 30*p - 89. Determine a(7).
-271
Let h(d) = 31*d - 1642. Calculate h(52).
-30
Let c(d) = -d**3 + 41*d**2 + 11*d - 446. What is c(41)?
5
Let f(t) = -64*t - 1195. Calculate f(-19).
21
Let o(x) = 49*x**2 + 143*x + 13. Calculate o(-3).
25
Let l(n) = -3*n - 244. Calculate l(-32).
-148
Let m(d) = -d**3 - 217*d**2 - 640*d + 415. Determine m(-214).
-13
Let g(k) = 8*k**2 + 491*k + 653. What is g(-60)?
-7
Let b(f) = -55*f - 858. What is b(-5)?
-583
Let n(y) = y**3 + 7*y**2 - 3*y - 17. Determine n(-7).
4
Let u(i) = 2*i**3 - 32*i**2 - 5*i + 84. Give u(16).
4
Let v(b) = -b**3 - 46*b**2 + 259*b + 248. Give v(-51).
44
Let j(f) = 15*f**3 + 22*f**2 - 53*f + 15. What is j(2)?
117
Let w(i) = i**2 + 38*i - 286. What is w(-46)?
82
Let s(x) = -4*x**2 - 55*x - 2. What is s(-14)?
-16
Let l(r) = 10*r**2 + 629*r + 1125. Determine l(-61).
-34
Let v(g) = g**3 - 4*g**2 + 235*g - 2140. Give v(8).
-4
Let z(d) = -1247*d + 143399. What is z(115)?
-6
Let c(o) = 649*o + 12341. Give c(-19).
10
Let o(p) = 69*p - 18. Calculate o(0).
-18
Let g(u) = 2*u**2 - 45*u + 202. What is g(5)?
27
Let x(g) = 3*g**3 - 119*g**2 - 37*g + 15. Calculate x(40).
135
Let n(t) = -t**3 - 4*t**2 + 13*t + 51. What is n(-5)?
11
Let j(q) = 15*q - 32. Give j(2).
-2
Let t(s) = -476*s - 28078. Determine t(-59).
6
Let u(m) = m**3 - 71*m**2 + 73*m - 409. Calculate u(70).
-199
Let o(x) = -87*x + 43. What is o(-1)?
130
Let t(a) = 2*a**3 - 20*a**2 - 3. What is t(10)?
-3
Let g(i) = i**3 + 13*i**2 + 8*i + 30. Determine g(0).
30
Let g(m) = -19365*m - 116206. Determine g(-6).
-16
Let v(l) = l**2 + 54*l + 670. Determine v(-19).
5
Let p(d) = -3*d**3 - 5*d**2 + 22*d + 45. Determine p(-2).
5
Let l(j) = -j**3 - 10*j**2 - 25*j - 4. Give l(-11).
392
Let w(m) = 2*m**2 + 34*m + 13. Determine w(-19).
89
Let p(m) = 9*m**3 + 4*m**2 - 10*m + 11. Calculate p(3).
260
Let g(c) = -c**3 - 11*c**2 - c - 19. Give g(-12).
137
Let w(v) = v**3 - 72*v**2 + 204*v + 202. Determine w(69).
-5
Let h(j) = 1398*j - 4185. What is h(3)?
9
Let j(o) = -106*o + 592. What is j(6)?
-44
Let q(i) = -8*i**2 + 49*i - 19. Give q(6).
-13
Let g(w) = 73*w**3 + 4*w**2 + w. Give g(2).
602
Let g(h) = -8*h**2 + 97*h + 32. Determine g(11).
131
Let j(z) = z**3 - 12*z**2 - z + 2. Give j(9).
-250
Let t(j) = j**3 - j**2 + j + 18. Give t(-2).
4
Let n(k) = 4*k**2 + 67*k + 255. Determine n(-11).
2
Let j(z) = 4*z**2 + 261*z - 1338. What is j(5)?
67
Let n(a) = -a**3 + 10*a**2 + 54*a - 95. Give n(14).
-123
Let o(b) = -b**3 - 4*b**2 + 